5114*w - 3577. What is h(-898)?
15
Let r(l) = 16*l**2 + 89*l - 557. Calculate r(-10).
153
Let y(v) = -87*v + 1635. What is y(19)?
-18
Let p(d) = -679*d - 44281. Determine p(-65).
-146
Let z(g) = -2896*g - 4. Calculate z(0).
-4
Let n(l) = -125606*l - 502538. Determine n(-4).
-114
Let u(q) = -q**2 + 5644*q + 324955. Give u(-57).
-2
Let q(j) = 899804*j + 899791. Give q(-1).
-13
Let z(b) = -b**2 - 31232*b - 218567. Determine z(-7).
8
Let z(t) = -t**3 - 131*t**2 + 27956*t + 6369. Determine z(-245).
-1
Let o(p) = -2*p**2 - 667*p - 49060. Calculate o(-224).
-4
Let d(z) = -z**3 + 25*z**2 - 5469*z + 130700. Give d(24).
20
Let j(q) = -345*q - 44165. Give j(-131).
1030
Let f(a) = 15*a + 619. Give f(-42).
-11
Let l(i) = -3*i**3 - 13*i**2 - 210*i - 390. Determine l(-2).
2
Let v(m) = -m**3 - 77*m**2 - 1152*m + 93. Give v(-57).
777
Let t(f) = -f**3 + 116*f**2 - 711*f + 5609. Give t(110).
-1
Let r(p) = p**3 + 76*p**2 + 22*p - 8922. Determine r(-74).
402
Let q(l) = -37*l - 763. Determine q(6).
-985
Let b(f) = -f**3 + 36*f**2 + 265*f - 561. Calculate b(42).
-15
Let u(l) = -53072*l - 265353. Calculate u(-5).
7
Let b(t) = -6*t**2 + 124*t + 604. Determine b(23).
282
Let b(s) = -2*s**3 + 119*s**2 - 168*s - 1291. What is b(58)?
-943
Let b(d) = -8254*d + 148599. Give b(18).
27
Let p(c) = 1222*c + 815070. What is p(-667)?
-4
Let q(z) = 7*z**2 + 741*z - 157. Determine q(-106).
-51
Let u(n) = n**2 - 10*n - 92. Give u(-18).
412
Let q(z) = 2885459*z + 2885452. What is q(-1)?
-7
Let v(a) = 6*a**2 - 423*a - 1163. What is v(0)?
-1163
Let i(c) = -292666*c + 2341324. Give i(8).
-4
Let j(k) = 2*k**3 - 162*k**2 + 3161*k + 4657. Give j(43).
56
Let f(m) = -37844*m + 454121. Calculate f(12).
-7
Let a(p) = 6*p**3 - 64*p**2 - 452*p + 4929. Calculate a(10).
9
Let i(o) = -5*o**2 - 834*o - 3318. Give i(-4).
-62
Let f(x) = -93*x**2 + 13206*x - 35. What is f(142)?
-35
Let c(k) = 17*k**3 + 8*k**2 - 34*k - 38. Determine c(-1).
-13
Let w(v) = 7*v**3 - 193*v**2 - 80*v - 181. What is w(28)?
-69
Let o(y) = 7*y**3 - 280*y**2 - 2300*y + 18. Calculate o(-7).
-3
Let z(b) = 2*b**2 - 742*b + 25320. What is z(38)?
12
Let h(x) = 120*x**2 + 1277*x - 1276. Determine h(1).
121
Let r(x) = -3*x**3 - 2*x**2 + 40*x - 59. What is r(3)?
-38
Let v(x) = -8145*x + 73203. Calculate v(9).
-102
Let q(m) = 3*m**2 + 22609*m - 226409. Determine q(10).
-19
Let g(y) = -y**3 - 4*y**2 - 4*y + 13. What is g(-10)?
653
Let n(h) = -127147*h + 2924356. Calculate n(23).
-25
Let z(y) = -28*y**3 + 21*y - 61. Determine z(4).
-1769
Let j(t) = 3*t**2 + 346*t + 5056. Give j(-97).
-279
Let s(r) = -59986*r**2 + 419904*r - 10. Calculate s(7).
4
Let j(z) = -48598*z + 728995. What is j(15)?
25
Let k(q) = 386*q + 37686. Determine k(-95).
1016
Let u(g) = 35*g**2 - 676*g - 63. What is u(21)?
1176
Let x(p) = -312657*p + 312655. What is x(1)?
-2
Let z(w) = w**3 - 34*w**2 + 1901*w - 70576. Give z(36).
452
Let c(k) = -6*k**2 - 1213*k + 8. Determine c(0).
8
Let j(v) = -82*v**2 + 1628*v - 7. Give j(20).
-247
Let s(b) = 7*b**3 - 37*b**2 - 5*b + 7. Give s(7).
560
Let h(i) = -1374*i + 24737. Determine h(18).
5
Let x(f) = -7366*f**2 + 22086*f + 32. What is x(3)?
-4
Let w(b) = -1495*b - 29790. Calculate w(-20).
110
Let w(p) = 45*p - 1237. What is w(7)?
-922
Let w(k) = 2*k**3 + 106*k**2 + 105*k + 18. Determine w(-52).
-34
Let q(u) = -3955*u**2 - 43508*u + 4. Calculate q(-11).
37
Let d(v) = 557*v - 16167. Calculate d(29).
-14
Let i(m) = -11*m**3 - 185*m**2 + 201*m - 592. Give i(-18).
2
Let i(k) = -1345789*k - 16149470. Calculate i(-12).
-2
Let x(v) = -44*v**2 + 784*v - 668. Determine x(16).
612
Let k(x) = 7288*x - 102076. What is k(14)?
-44
Let u(l) = -l**2 + 14767*l - 427312. What is u(29)?
90
Let h(u) = -u**2 + 1165*u + 9233. Give h(-8).
-151
Let m(j) = -3099*j**2 + 25087*j + 3. What is m(8)?
2363
Let o(h) = -2*h**3 - 121*h**2 + 3012*h + 184319. Calculate o(-60).
-1
Let d(c) = -c**2 + 25173*c + 125890. Give d(-5).
0
Let a(x) = -118272*x - 9816560. What is a(-83)?
16
Let r(c) = -17589*c + 3869. What is r(0)?
3869
Let w(r) = -6916*r - 83012. Give w(-12).
-20
Let j(g) = 16*g**3 - 11*g**2 - 11*g + 60. Give j(3).
360
Let j(k) = 4978*k - 2050944. What is j(412)?
-8
Let y(g) = -g**3 - 8*g**2 - 141*g - 1336. What is y(-14)?
1814
Let k(j) = -2*j**2 + 136964*j + 821864. What is k(-6)?
8
Let m(h) = 327*h + 6857. Determine m(-10).
3587
Let m(q) = -q**2 + 4033*q - 92230. Determine m(23).
0
Let d(z) = -50*z + 730. Determine d(20).
-270
Let n(w) = w**3 + 27*w**2 - 89*w + 6. Give n(4).
146
Let l(b) = 3*b**3 + 422*b**2 - 155*b - 3110. What is l(-141)?
-1136
Let q(k) = 2*k**3 + 388*k**2 + 2253*k - 545. Calculate q(-188).
19
Let b(r) = 18*r**3 - 90*r**2 - 103*r - 3. Give b(6).
27
Let x(p) = -2278*p**2 - 13668*p - 176. Calculate x(-6).
-176
Let l(i) = -1025*i - 73886. Determine l(-72).
-86
Let b(p) = p**3 - 16*p**2 - 1113*p + 1296. Determine b(-27).
0
Let g(i) = 401443*i - 401437. What is g(1)?
6
Let n(h) = 4*h**2 + 356*h + 2056. Give n(-83).
64
Let p(k) = -237*k - 931. Give p(-4).
17
Let r(i) = 6*i**3 - 19*i**2 + 10678*i - 42762. What is r(4)?
30
Let y(n) = -55058*n - 605642. What is y(-11)?
-4
Let h(l) = 4*l**3 + 2597*l**2 + 438*l - 136972. Give h(-649).
-33
Let j(k) = 116*k**3 + 170522*k**2 + 2882*k - 85267. Determine j(-1470).
-7
Let m(t) = 82*t**2 - 413*t - 475. Calculate m(6).
-1
Let c(g) = 65*g**3 - 2217*g**2 + 215*g + 784. What is c(34)?
2
Let o(x) = -15*x**3 + 14*x**2 + 35*x - 17. Calculate o(4).
-613
Let v(y) = y**3 + 19039*y**2 + 133221*y - 49. What is v(-7)?
-28
Let p(b) = -595*b - 16757. Calculate p(-31).
1688
Let s(m) = 91*m + 4082. Determine s(-50).
-468
Let g(b) = -b**3 - 444*b**2 + 2171*b - 33230. What is g(-449)?
-4
Let q(s) = 1901*s + 16280. Calculate q(-8).
1072
Let l(u) = -u**3 + 18*u**2 + 813*u - 15277. What is l(19)?
-191
Let l(x) = -x**2 + 120*x + 12880. Determine l(-67).
351
Let f(s) = -s**2 + 10082*s + 181600. Calculate f(-18).
-200
Let h(s) = -6*s**2 + 282*s - 1244. Calculate h(42).
16
Let u(y) = 2*y**3 - 2*y**2 + 141*y - 1087. Determine u(7).
488
Let v(l) = 580095*l - 2900478. Give v(5).
-3
Let t(n) = -n**3 - 13*n**2 - 51*n - 901. What is t(-14)?
9
Let r(t) = -3*t**3 + 142*t**2 + 2298*t - 1075. Determine r(60).
5
Let x(z) = 2*z**3 + 127*z**2 - 1057*z + 563. What is x(-71)?
-5
Let m(w) = w**2 + 1441*w - 50464. Determine m(34).
-314
Let k(s) = -126*s - 3413. Determine k(-33).
745
Let y(t) = -15737*t - 3808398. Calculate y(-242).
-44
Let a(i) = -202427*i + 3441290. Give a(17).
31
Let d(h) = 80*h**2 - 758*h + 338. Calculate d(9).
-4
Let f(d) = -d**3 - 259*d**2 + 1037*d - 74731. Give f(-264).
-19
Let p(k) = -65*k**3 + 122*k**2 + 247*k - 2. Calculate p(-2).
512
Let r(h) = -2*h**3 + 67*h**2 + 530*h - 17165. Determine r(34).
-301
Let o(r) = -r**2 + 4179*r + 2329157. What is o(-498)?
11
Let m(z) = z**3 + 109*z**2 + 100*z - 703. Determine m(-108).
161
Let i(d) = d**2 + 4811*d + 721685. Determine i(-155).
5
Let t(v) = -25*v**2 + 3968*v + 21535. Determine t(164).
-113
Let h(g) = -2*g**2 - 233679*g + 1168424. Calculate h(5).
-21
Let m(c) = -c**3 - 44*c**2 - 295*c - 10863. Give m(-43).
-27
Let z(a) = -10*a**2 + 249*a + 1860. Determine z(31).
-31
Let d(i) = -10*i**2 - 217*i - 331. What is d(-19)?
182
Let l(a) = 3*a**2 - 10064*a + 80372. Determine l(8).
52
Let g(f) = f**3 + 153*f**2 - 523*f - 56416. Calculate g(-154).
410
Let r(q) = -45*q**2 - 1039*q - 23. Give r(-21).
1951
Let s(d) = -24*d**2 + 696*d - 96. Calculate s(29).
-96
Let d(o) = 55*o + 1592. Give d(-2).
1482
Let x(z) = 3984*z - 40112. Give x(10).
-272
Let c(t) = t**2 + 249*t + 15211. Give c(-145).
131
Let c(p) = 117*p + 13334. Determine c(-114).
-4
Let c(i) = -i**2 + 456*i + 421364. Calculate c(-460).
4
Let i(r) = -2151*r + 163487. Calculate i(76).
11
Let a(o) = o**2 - 11349*o - 3101506. Give a(-267).
-34
Let k(m) = 2*m**2 + 16118*m + 96659. Calculate k(-6).
23
Let w(o) = -1696*o**3 + 39006*o**2 + 53*o - 144. What is w(23)?
17
Let v(u) = -u**2 + 793*u - 148838. Give v(305).
2
Let z(f) = f**3 - 12*f**2 - 19*f + 218. What is z(12)?
-10
Let r(t) = 15*t**2 - 34*t - 260. What is r(-7)?
713
Let z(v) = v**3 - 23*v**2 - 187*v + 220. Calculate z(27).
-1913
Let g(q) = q**2 - 230*q - 12695. Determine g(-46).
1
Let q(r) = -r**3 - 125*r**2 + 191*r + 7982. Give q(-126).
-208
Let m(p) = -p**2 + 210*p - 759. Calc